(0)?
-87
Let l(y) = -5*y**2 + 4*y - 13. Let z = 62 - 58. Let a(d) = 6*d**2 - 3*d + 14. Let t(b) = z*a(b) + 5*l(b). What is t(6)?
3
Let f(w) = w**2 + 35*w + 18. Let y be f(0). Let a(n) = 6*n - 3. Calculate a(y).
105
Suppose 5*r = o - 1, -o + 3*r - 10 + 15 = 0. Let n(u) = -9*u - o + 25*u - 17*u. Suppose 0 = i + 3*i - 20, -4*b = i + 27. Give n(b).
-3
Let w(d) = -3*d**2 + 45*d - 3. Let m = 3815 - 3800. Determine w(m).
-3
Let a = 924 - 924. Let d(y) be the third derivative of -1/60*y**5 + 0*y + a + 7/6*y**3 - 17*y**2 + 1/8*y**4. What is d(6)?
-11
Let g(r) = -121 - 94 + r + 213. Suppose 1 = 2*d - 3. What is g(d)?
0
Let s(i) be the second derivative of -i**3/2 + 3*i**2/2 - 8*i. Let z = -4 - -12. Let c = z + -6. Determine s(c).
-3
Let z(v) = -5*v + 5. Let n = -31 + 32. Let j(f) = 1 - 62*f + 123*f - 62*f. Let m(x) = n*z(x) - 6*j(x). Give m(1).
0
Let i(f) be the second derivative of -f**5/20 - 2*f**4/3 + 5*f**3/6 + 37*f**2/2 - 1218*f - 2. Give i(-8).
-3
Suppose 10*r - 64 = 6*r. Suppose -3*n = r - 19. Let p be (n - -1) + (1 - 0) + -7. Let i(x) = 3*x - 2. Determine i(p).
-14
Let o(x) = -4*x**3 - 4*x**2 - 7*x - 5. Suppose 55*w = -136 + 26. Give o(w).
25
Let i(o) be the third derivative of o**4/3 + 23*o**3/2 + 2*o**2 - 469. What is i(-8)?
5
Let l(w) = 1 - 18*w + 16 + 5*w**2 - 5*w**2 + w**3 - 9. Determine l(4).
0
Let x be 520/(-39) + 1/3. Let n be (6/(-4) - -1)/(x/156). Let h(r) = 3*r**2 - 28*r - 7. Let k(z) = 2*z**2 - 19*z - 5. Let g(j) = -5*h(j) + 7*k(j). What is g(n)?
6
Let r(s) = 2*s + 5. Let q(o) = 126*o + 120. Let u(k) = q(k) - 24*r(k). Determine u(1).
78
Let n(k) = k**3 - k**2 + k + 3. Let y be ((-4)/10 - (-176)/140)/(704/(-2464)). Calculate n(y).
-36
Let o(t) = -t + 22. Let h(p) = p + 2. Let c(q) = 5*q + 43. Let j(v) = -3*c(v) + 6*h(v). Let m be j(-13). Give o(m).
22
Let m(g) be the third derivative of -g**5/20 - 67*g**4/24 - 14*g**3/3 + 17*g**2 - 36. Calculate m(-22).
-6
Let d = -1076 + 1606. Let j(x) = d*x + 530*x - 5 - 1059*x. What is j(11)?
6
Let j(u) = u**3 - 5*u**2 - 5*u - 2. Suppose -3*k + 131 = -2*b, -4*k - 31 = 5*b - 244. Let v = k - 41. Give j(v).
4
Let m(n) = -n + 8. Suppose -14*s - 198 = -20*s. Suppose -3*v + 8 = -2*g + 11, s = 2*g + 3*v. What is m(g)?
-1
Let h(c) = -19206*c**2 + 8*c + 9622*c**2 + 9642*c**2 - 8. Determine h(1).
58
Let q(f) = -f**3 - 5*f**2 + 5*f + 8. Let t(m) = 7*m - 18. Let i be t(6). Suppose -2*x - i = -2*k - x, -2*x + 12 = k. Suppose -v + 3*v = -k. Determine q(v).
14
Let l(i) be the first derivative of 2*i**3/3 - 13*i**2/2 + 9*i - 2190. What is l(5)?
-6
Let i(u) = -u**2 + 17*u - 30. Let a = 3688 + -3673. Give i(a).
0
Let g = -238 + 227. Let w(a) = 7 + 7 + a - 17 + 6. Calculate w(g).
-8
Let y(d) = -4*d - 3. Let g(l) = -9*l - 7. Let r(t) = 6*g(t) - 14*y(t). Suppose 4*m + 11 = -2*b + 29, 2*b = 4*m + 2. What is r(m)?
4
Suppose 2*a + 2*a = 24. Suppose a*v - v + 20 = 0. Let p(m) = -8*m + 436. Let g(t) = -9*t + 524. Let j(r) = 5*g(r) - 6*p(r). Calculate j(v).
-8
Suppose y - 4*l + 64 = 0, -3*l + 4 = -2*l. Let w = -46 - y. Suppose w*c - 4*p - 12 = -4, -4 = 3*c - 2*p. Let j(b) = -b**3 - 4*b**2 - 2*b - 4. Determine j(c).
4
Let q(i) = -i**2 - 7*i - 1. Let w(l) = 2*l**2 + l - 3. Let s be w(4). Let v = s - 25. Suppose v - 2 = -h. What is q(h)?
5
Suppose -9*l + 2*l - 56 = 0. Let q(y) = -y - 8 + 1 - 4 + 4. Let u(s) = -s - 7. Let v(j) = -6*q(j) + 5*u(j). Determine v(l).
-1
Let t(w) = 2*w**3 - 4*w**2 - 3*w + 8. Suppose -16*o + 9 = -4*o - 39. Determine t(o).
60
Let p(n) = 32 + n**2 - 12 + n - 19*n. Let t(g) = g**3 - 24*g**2 + 25*g - 29. Let d be t(23). Calculate p(d).
3
Let j(q) be the first derivative of -q**4/4 - 5*q**3/3 + 7*q**2 - 762. Calculate j(-7).
0
Let d(f) be the first derivative of -f**4/4 - f**3 - f**2/2 - f - 1. Let b be ((-28)/70)/(4/180). Let j be (0 - 4)/(8 - (-12 - b)). Determine d(j).
-3
Let r(z) = -z**2 + 8*z - 3. Let t be r(7). Suppose t*p - 8 = -16. Let j(d) = 2*d**3 - 1 + 3*d**3 - d**3 - d - 3*d**3. Calculate j(p).
-7
Let c(y) = -25*y - 3*y + 16*y + 62 + 12*y + 5*y. What is c(-6)?
32
Suppose 2*f + 5*w - 8*w + 9 = 0, -f - 2*w + 6 = 0. Let s(z) = -243*z - 237*z + f*z**2 - z**2 + 479*z. Give s(-6).
-30
Let t(q) = q**3 - q + 3. Let d be t(0). Let o(h) be the third derivative of 1/8*h**4 - 1/3*h**3 + 0 - h - 1/120*h**6 + 2*h**2 + 1/60*h**5. Calculate o(d).
-11
Let f(o) = 4*o + 10. Let v(g) = -g**3 + 20*g**2 + 23*g - 42. Let t be v(21). Let c be 1*(0 + 2) + t - 6. Determine f(c).
-6
Let i(a) be the second derivative of a**3/6 - a**2 - 12*a. Let f(s) = -s**3 + 2*s + 1. Let g be f(-2). Suppose -4*c - 4 - 1 = -h, 5*h + 5 = g*c. Determine i(h).
-5
Let n be (11/((-1386)/36))/(2/28). Let w = 4 - 2. Let h(f) = 4*f + 2 + 5*f**2 + w + f**3 + 4 - 2. What is h(n)?
6
Let y(n) = -17*n - 76*n**2 - n**3 - 46 - 18*n + 97*n**2 - 16*n + 38*n. What is y(20)?
94
Let t(q) = -q + 5. Let m(r) = -4*r + 29. Let c(f) = m(f) + 4*t(f). Let s(v) = 3*v - 16. Let x(y) = -4*c(y) - 11*s(y). Determine x(-15).
-5
Let x = 593 + -586. Let k(u) = u**3 - 12*u**2 + 7*u - 6. Let v(s) = -s**3 + 13*s**2 - 8*s + 7. Let g(m) = 6*k(m) + 5*v(m). Calculate g(x).
13
Let g(n) be the first derivative of -2*n**3/3 + 3*n**2/2 + 2*n + 2. Let k be (-3 - (1 - 16))*(-32)/(-128). What is g(k)?
-7
Let y(i) = 2*i**2 + 8*i + 7. Let f(n) = -11*n + 65. Let r be f(-15). Let v = 225 - r. Determine y(v).
17
Let m(x) = -11*x**3 - 6*x**2 - 8*x - 7. Let t(l) = 0*l**2 + 12*l + l**2 - 22*l + 1 + l**3 + 11*l. Let v(w) = m(w) + 6*t(w). What is v(-1)?
6
Suppose 4*d + 35*f + 13 = 30*f, -f = -4*d + 17. Suppose -d*h + 5*c = 2, 3*h - 8*c + 12 = -5*c. Let j(k) = k + 10. Calculate j(h).
1
Let k be 2/(-7) + -13 + (-520)/(-56). Let p be 2/k - (-221)/(-26). Let o(r) = -r**3 - 9*r**2 + 2*r. Calculate o(p).
-18
Let v(y) = y**3 + y. Let x(a) = 7*a**3 - 4*a**2 + 6*a + 9. Let m(g) = -6*v(g) + x(g). Let k be m(4). Let p(f) = -k*f + 3*f + 8*f - f + 11. Determine p(-8).
3
Suppose 5*i - 40 = -5. Let x(r) = -13*r + 11*r - 5 + r**2 + i*r. Give x(-7).
9
Let n(k) be the first derivative of k**2/2 + 8*k - 16528. Suppose -5*u - 4*y + 10 = 0, u - 5*y = -20 - 7. Let a be ((-10)/((-4)/u))/1. Calculate n(a).
3
Let u(o) = -o**2 + 13*o + 3. Let l(p) = -4*p**2 + 39*p + 8. Let f(a) = 2*l(a) - 7*u(a). Let d = -525816 - -525804. What is f(d)?
7
Let h(m) = 3*m**2 + m - 14. Let x(n) = -6*n**2 - 2*n + 26. Let p(w) = -11*h(w) - 6*x(w). Determine p(1).
2
Let n(f) = -f**2 + f - 1. Suppose 0 = -i + 3*h + 7, -8*i - 4*h = -3*i + 22. Let a(w) = 3*w**2 - 7*w + 8. Let l(q) = i*n(q) - a(q). Determine l(4).
-2
Suppose -2 = -2*t + 2. Suppose -x - 6 = -t. Let v(i) be the second derivative of i**5/20 + i**4/4 - i**3/6 + 5*i**2/2 - 694*i. Calculate v(x).
-7
Let b(g) = -7 - 11*g - 4*g - 24 + 5 - 54. Calculate b(-6).
10
Let x(j) = -j**2 - 7*j + 4. Suppose 50*i - 52*i = 48. Let v be (-7)/((-7)/(-4))*(-42)/i. What is x(v)?
4
Suppose 27 = 7*s - 1. Let w(g) = 0*g - s*g + g + 5*g + 2. Calculate w(0).
2
Let y(v) = 2*v - 66. Let r(x) = -x + 41. Let l(d) = -8*r(d) - 5*y(d). Suppose 4*m = w + 77, -m + 35 = -0*m + 5*w. Let g be (4/(-3))/(m/(-30)). What is l(g)?
-2
Let z be (4 + (7 - 10))*(0 - 0). Suppose -v + 2 = z, -56 = -s + 4*v - 6*v. Let q = 45 - s. Let g(r) = r**2 + 6*r - 1. Give g(q).
6
Let t = 7 + -11. Let s(z) = z + 2150894*z**2 - 2150895*z**2 + 6 + 5*z - 2*z. Give s(t).
-26
Let f(l) = -l**2 - 2*l - 4. Let p(u) = -u**3 + 10*u**2 + 17*u - 34. Let n be p(11). Let m be 6 + (-261)/45 + n/(-10). What is f(m)?
-7
Let m = -655 + 670. Let l(r) = 4*r - 71. Give l(m).
-11
Suppose 5*v - 12 = 3*v. Suppose 5*o - u = 34, -2*o + 24 = -2*u + 12. Let q(m) = -50*m + o - m**3 - 2 + 55*m + 5*m**2. Give q(v).
-1
Let d(v) = v**2 + 15*v - 42. Let c = 13664 - 13683. Calculate d(c).
34
Let y(x) be the third derivative of x**5/60 - x**4/6 + 7*x**3/6 + 35487*x**2. Suppose -4*n + l + 22 - 2 = 0, -4*n - 4*l + 20 = 0. Determine y(n).
12
Let p(l) be the third derivative of -l**4/24 - 2*l**2. Suppose 0 = o + 2*b - 18, 73*b - 71*b - 22 = -2*o. Determine p(o).
-4
Suppose 334*f - 800 = 326*f. Let j(q) = -45 + q**2 - f*q + 47 + 96*q + q**3. Calculate j(-4).
-30
Let y = 27361 + -27353. Let o(l) = 4*l**2 - 15*l - 4. What is o(y)?
132
Let k(z) = 10*z**2 + 21*z - 2. Let w(h) = 8*h + 310. Let q be w(-39). What is k(q)?
-4
Let s be (-17)/(-2) + 2/4. Suppose 3*r = 6*r + s. Let y(q) = 5